922210?
True
Does 23 divide 593044961?
False
Does 54 divide 68826726?
True
Is 39804960 a multiple of 16?
True
Is 2815314150 a multiple of 29?
False
Is 3960755981 a multiple of 16?
False
Does 1114 divide 183031314?
True
Is 16044352 a multiple of 64?
True
Does 19 divide 336547722?
True
Is 29 a factor of 400819672?
True
Is 32743735 a multiple of 157?
False
Does 7398 divide 186812043?
False
Is 28192260 a multiple of 6?
True
Does 185 divide 319125?
True
Is 34738362 a multiple of 168?
False
Does 1825 divide 480960587?
False
Does 8 divide 3629721188?
False
Is 3508891 a multiple of 4?
False
Is 1384 a factor of 49612248?
True
Does 1696 divide 89770976?
True
Is 874 a factor of 324899012?
True
Is 1472249864 a multiple of 103?
True
Does 13 divide 107903900?
True
Does 6 divide 1824749976?
True
Is 9641340 a multiple of 1740?
True
Does 370 divide 4903959?
False
Is 7726240 a multiple of 1720?
True
Is 2347 a factor of 245087822?
True
Does 299 divide 88071646?
True
Does 3 divide 3036075?
True
Is 3 a factor of 120462606?
True
Is 29 a factor of 899024128?
True
Is 15068256 a multiple of 168?
True
Does 14 divide 2487121458?
False
Does 11 divide 24431517?
True
Does 133 divide 19537096?
False
Does 48 divide 169592400?
True
Does 67 divide 57018876?
True
Is 41189062 a multiple of 105?
False
Is 2680 a factor of 3689663200?
True
Is 47620979 a multiple of 887?
False
Does 165 divide 767469285?
True
Is 19 a factor of 127091?
True
Is 1594893934 a multiple of 443?
False
Is 15 a factor of 66042615?
True
Is 35556322 a multiple of 287?
False
Is 1035580 a multiple of 26?
True
Does 837 divide 98010189?
True
Is 87259006 a multiple of 38?
False
Does 22 divide 8379668?
True
Is 129530016 a multiple of 12?
True
Is 1813356718 a multiple of 840?
False
Is 63768691 a multiple of 1611?
False
Does 303 divide 510121104?
True
Does 584 divide 89483541?
False
Does 8 divide 700623253?
False
Is 442 a factor of 23471084?
True
Is 71 a factor of 58961311?
True
Is 862872 a multiple of 458?
True
Is 68277909 a multiple of 9?
False
Does 501 divide 27232356?
True
Is 53352000 a multiple of 1710?
True
Is 685967398 a multiple of 507?
False
Is 152439264 a multiple of 1611?
True
Is 35904910 a multiple of 147?
False
Does 168 divide 211439088?
True
Is 2118052321 a multiple of 8789?
True
Is 34431124 a multiple of 98?
True
Is 49246587 a multiple of 9?
True
Does 211 divide 411279379?
False
Is 9 a factor of 55672347?
False
Is 314429889 a multiple of 8?
False
Does 322 divide 82239122?
True
Does 248 divide 215730021?
False
Is 615626596 a multiple of 4124?
True
Does 197 divide 50020835?
False
Is 889 a factor of 36583394?
False
Is 719503012 a multiple of 758?
False
Is 806 a factor of 15244082?
False
Is 27 a factor of 34160373?
True
Does 12 divide 27357612?
True
Does 195 divide 439055791?
False
Is 12792501 a multiple of 10?
False
Is 56026080 a multiple of 1179?
True
Is 1366 a factor of 460495839?
False
Does 410 divide 19074702?
False
Is 1129880 a multiple of 8?
True
Does 18 divide 305831510?
False
Is 11371990 a multiple of 35?
True
Does 19 divide 114926312?
False
Is 3986181 a multiple of 4?
False
Is 14 a factor of 201877970?
True
Is 5 a factor of 11933604?
False
Is 5784 a factor of 428900295?
False
Is 69 a factor of 205088605?
False
Is 176 a factor of 209156930?
False
Is 7534555809 a multiple of 11?
True
Is 107499215 a multiple of 35?
False
Is 295653036 a multiple of 11?
False
Does 287 divide 77877722?
False
Is 77366388 a multiple of 23?
True
Is 2961377 a multiple of 18?
False
Does 11952 divide 331185134?
False
Is 13 a factor of 847479224?
False
Does 45 divide 179391735?
True
Is 895824744 a multiple of 9192?
True
Is 723 a factor of 6203277963?
False
Is 8 a factor of 1901454?
False
Is 299423026 a multiple of 710?
False
Is 166 a factor of 129233453?
False
Does 3062 divide 180483221?
False
Is 584 a factor of 40272539?
False
Is 1691388419 a multiple of 8?
False
Is 3127 a factor of 3736442919?
True
Does 14 divide 4532040338?
True
Is 1142092142 a multiple of 122?
True
Is 73822372 a multiple of 261?
False
Is 36829338 a multiple of 86?
False
Is 423 a factor of 34647084?
True
Is 3976106712 a multiple of 2688?
False
Does 1918 divide 512290128?
True
Is 251 a factor of 21766736?
False
Is 228 a factor of 148091928?
True
Is 35 a factor of 55078282?
False
Is 182 a factor of 24940199?
False
Is 1190601 a multiple of 178?
False
Is 1523 a factor of 214733862?
True
Is 12 a factor of 33395362?
False
Is 1753620 a multiple of 4?
True
Is 11 a factor of 6024974?
False
Is 22 a factor of 470836806?
True
Does 1161 divide 84068010?
True
Is 121 a factor of 77472697?
False
Is 300589847 a multiple of 1728?
False
Does 1331 divide 3362518610?
True
Does 35 divide 11756185?
True
Does 3 divide 71694?
True
Is 2814 a factor of 48338892?
True
Is 388 a factor of 341353476?
True
Does 30 divide 53552056?
False
Does 657 divide 828371633?
False
Is 2327 a factor of 3757077?
False
Does 1472 divide 11075328?
True
Is 943 a factor of 912762705?
True
Is 11 a factor of 40474889?
False
Is 24 a factor of 6604512?
True
Does 882 divide 19301323?
False
Is 177 a factor of 1579656636?
False
Is 55948242 a multiple of 651?
True
Is 1750 a factor of 48220284?
False
Does 12 divide 8587870?
False
Does 176 divide 15366884?
False
Is 42223776 a multiple of 672?
True
Is 8 a factor of 340951400?
True
Does 15 divide 14690997?
False
Is 5 a factor of 228474403?
False
Is 421233073 a multiple of 179?
False
Is 31385339 a multiple of 373?
True
Does 1070 divide 61556030?
True
Is 24423588 a multiple of 19?
True
Does 18 divide 111319434?
True
Does 7 divide 33325124?
True
Is 4595040 a multiple of 360?
True
Is 517 a factor of 21770353?
True
Is 304852235 a multiple of 79?
False
Is 554 a factor of 56097201?
False
Does 21 divide 116693598?
True
Is 32298309 a multiple of 2225?
False
Is 679100929 a multiple of 13?
True
Is 167564784 a multiple of 6?
True
Does 42 divide 24479994?
True
Is 144 a factor of 1068642629?
False
Does 4 divide 6401122?
False
Is 41377915 a multiple of 19?
True
Is 176621607 a multiple of 10?
False
Does 41 divide 15129820?
True
Is 42424481 a multiple of 88?
False
Is 2984 a factor of 736897620?
False
Does 245 divide 6810755?
True
Is 6 a factor of 3923880?
True
Does 61 divide 49284279?
True
Is 67162646 a multiple of 86?
True
Is 3320334927 a multiple of 819?
True
Does 10 divide 39134102?
False
Does 217 divide 110010410?
False
Is 7 a factor of 56959001?
False
Does 2 divide 70891955?
False
Is 76964511 a multiple of 20?
False
Is 151 a factor of 170169504?
False
Does 2637 divide 52663527?
True
Is 1106 a factor of 734049988?
True
Does 27 divide 42054156?
False
Is 898102920 a multiple of 165?
True
Is 12541144 a multiple of 219?
False
Is 36054060 a multiple of 1054?
False
Is 47159034 a multiple of 455?
False
Is 162702349 a multiple of 22?
False
Does 16 divide 610733612?
False
Does 5264 divide 661584784?
True
Does 2332 divide 1723815845?
False
Is 46 a factor of 188072196?
True
Is 10 a factor of 1024507840?
True
Does 153 divide 5758602?
False
Is 20685177 a multiple of 83?
True
Is 1722855394 a multiple of 229?
True
Is 1556 a factor of 2721674?
False
Is 2200650 a multiple of 170?
True
Is 2036488320 a multiple of 6?
True
Is 17315238 a multiple of 4391?
False
Does 49 divide 1288735868?
True
Is 401 a factor of 3239220?
False
Does 266 divide 123094692?
True
Is 11 a factor of 132858649?
True
Is 10518193 a multiple of 135?
False
Is 65929002 a multiple of 31?
True
Does 143 divide 2693977?
True
Does 230 divide 126517480?
True
Is 676134 a multiple of 18?
True
Does 20 divide 1950519520?
True
Is 207 a factor of 1497852?
True
Is 1055431458 a multiple of 162?
True
Is 2742 a factor of 39499742?
False
Is 48 a factor of 2066600781?
False
Does 1541 divide 1287980128?
True
Is 86828274 a multiple of 579?
False
Is 80579090 a multiple of 80?
False
Is 90 a factor of 146484501?
False
Does 3 divide 6329238?
True
Is 48533925 a multiple of 979?
True
Does 7 divide 12994863?
True
Does 45 divide 1872961560?
True
Is 8 a factor of 21783435?
False
Is 667323046 a multiple of 481?
True
Is 16 a factor of 194080880?
True
Is 316050039 a multiple of 918?
False
Is 1702564290 a multiple of 5490?
True
Is 4118 a factor of 221556821?
False
Is 69 a factor of 1580515567?
False
Is 742607230 a multiple of 2?
True
Does 143 divide 17370639?
Tr